hen 46 is divided by o?
14
Let h(u) = -u - 1. Let c be (-291)/(-33) - (-2)/11. Let i be h(c). Calculate the remainder when 41 is divided by (-18)/(-45) - 206/i.
20
Suppose 2*o - 15*o = -767. Suppose 2*x + 15 = o. What is the remainder when 63 is divided by x?
19
Suppose 0 = 2*u - j - 15, -6*j - 30 = -5*u - 11*j. Calculate the remainder when 76 is divided by u.
6
Suppose 10*d = -0*d + 100. Suppose -2*o = d*o - 72. Calculate the remainder when o is divided by 2.
0
Let j(f) = -f**2 - 9*f + 12. Let b = -29 - -19. Let c be j(b). Suppose 0 = 5*s - c*s - 42. Calculate the remainder when 27 is divided by s.
13
Suppose 7 = 2*q - 13. Let a = q - -9. Calculate the remainder when a is divided by 5.
4
Calculate the remainder when 33 is divided by 1 + (-4 - -7) + 15.
14
Let m be (-1 + 1 - -3) + -1. Suppose 0 = -m*j - 3*j - 250. Let y = 76 + j. Calculate the remainder when y is divided by 9.
8
Let l = 15 - 11. Let w = -10285 - -10290. Calculate the remainder when w is divided by l.
1
Suppose -3*c = j - 3502, 0 = c - j - 819 - 347. Calculate the remainder when c is divided by 39.
36
Let r = -142 - -268. Suppose 5*a + t - 165 = 0, a - 2*t + r = 5*a. What is the remainder when a is divided by 18?
16
Suppose -2*t = -5*n - 1965, 195*t - 196*t = -2*n - 983. What is the remainder when t is divided by 23?
19
Let h = -875 + 885. What is the remainder when 1018 is divided by h?
8
Let b = 67 - 28. What is the remainder when b is divided by 14?
11
Let c(j) = 267*j**3 - 2*j**2 - 7*j + 8. What is the remainder when c(1) is divided by 67?
65
Let g(r) be the third derivative of r**4/24 + 2*r**3 + 11*r**2. What is the remainder when 86 is divided by g(10)?
20
Suppose 3*y = -5*b - 71 + 750, -2*b = y - 271. Suppose 4*r = 2*v + b, 5*r - 2*r - 108 = 4*v. Calculate the remainder when r is divided by 7.
4
Calculate the remainder when 54 is divided by (8/(-20)*-20)/((-6)/(-15)).
14
Let r = -2268 + 2713. Calculate the remainder when r is divided by 56.
53
Let s = 2 - 1. Suppose 6 = l - s. Let h(p) = -24*p**3 + 2*p**2 - 1. What is the remainder when h(-1) is divided by l?
4
Let g(u) = -u**3 - 3*u**2 - 6*u - 5. Let f be g(-2). Suppose -2*b + 2*a + 87 = -f*a, 0 = 4*b - 4*a - 204. What is the remainder when b is divided by 20?
16
Suppose 2*r + 76 = 4*f, -3*f + 54 = -r - 5. Let z = 77 + -22. Suppose 2*k - z = -3*k. Calculate the remainder when f is divided by k.
10
Suppose -6*d - 5*d + 198 = 0. Let h(r) = r**3 + 5*r**2 + 3*r - 2. Calculate the remainder when d is divided by h(-3).
4
Let h be ((-28)/(-21))/((-2)/(-3)) + 77. Suppose -2*z - 10 = 0, 3*g - h + 3 = 2*z. What is the remainder when 152 is divided by g?
20
Let w = -33 - -33. Suppose -7*o - 1 + 29 = w. Calculate the remainder when 6 is divided by o.
2
Let x = -101 + 114. Calculate the remainder when 64 is divided by x.
12
Calculate the remainder when 84 is divided by (-22032)/(-1564) + 4/(-46).
0
Suppose -3*p + 6 = -21. Let c(a) = -a**3 + 10*a**2 - 7*a - 10. Let z be c(p). Suppose -32 = -3*k - z. Calculate the remainder when 29 is divided by k.
5
Suppose -7*d - 2736 = 2*d. Suppose 2*m = 3*m - 5. What is the remainder when (3/2)/((-57)/d) is divided by m?
3
Suppose -5*y = -8*y - 18. Calculate the remainder when ((-5 - -6) + 5)*(-33)/y is divided by 19.
14
Suppose 3*x - 17 = 10. Let d(g) = -g**2 + 10*g + 4. What is the remainder when d(7) is divided by x?
7
Suppose 0 = -3*b + 12, 4*d + 3*b - 32 = b. Calculate the remainder when (948/(-18))/((-2)/d) - -2 is divided by 23.
22
Let d(l) = -l**2 + 9*l + 8. What is the remainder when 2/(-7) - 3096/(-56) is divided by d(5)?
27
Let t(g) = 45*g - 132. What is the remainder when t(7) is divided by 37?
35
Suppose 25*j - 2656 = -81. What is the remainder when 266 is divided by j?
60
Suppose 58*d - 54*d = 132. Calculate the remainder when d is divided by 19.
14
Let s(w) = 147*w - 107. What is the remainder when s(3) is divided by 48?
46
Suppose -20 = -4*x, -1 - 28 = j - 9*x. What is the remainder when (54/(-4))/((-1)/2) is divided by j?
11
Let f(u) = u**2 - 3. Let z be f(-3). Suppose -z*k = -4*k - 542. Calculate the remainder when k/5 + (-1)/5 is divided by 14.
12
Suppose 4*u - 6*u + 64 = 0. Let m be (2 - -40) + (-24)/(-4). Let z = m - u. What is the remainder when 46 is divided by z?
14
What is the remainder when 2208/40 + (-2)/10 is divided by 14?
13
What is the remainder when (((-1298)/88)/(2/(-8)))/1 is divided by 18?
5
Calculate the remainder when 5/(-10)*(-2394 - 4 - 4) is divided by 28.
25
Let p(u) = 6*u**2 - 380*u - 186. Let i(w) = -10*w. Calculate the remainder when p(64) is divided by i(-2).
10
Suppose 57 - 52 = -v, 2*n = 5*v + 551. What is the remainder when n is divided by 143?
120
Let x = 779 - 735. Let b(j) = j**2 - 8*j + 7. Let k be b(7). Suppose -40 = -4*u + 2*q, -4 = 2*q - k. What is the remainder when x is divided by u?
8
Let u(v) = v**2 + 10*v + 10. Let f be u(-9). Let y = 5 + f. Calculate the remainder when (62/y)/((-5)/(-15)) is divided by 17.
14
Let p = -38 + 17. What is the remainder when (p/14)/(2*6/(-200)) is divided by 8?
1
Suppose 32*o - 46*o + 168 = 0. Calculate the remainder when 93 is divided by o.
9
Suppose 0 = -y - 5*v + 376 - 136, 3*y = 5*v + 760. What is the remainder when y is divided by 28?
26
Calculate the remainder when 185 is divided by ((135/10)/(-9))/((-4)/168).
59
Let o = -74 - -162. Calculate the remainder when o is divided by 30.
28
Let n = -11 + 15. Suppose -6 = -2*y - 0. Suppose 2*o - m - 26 = 0, -m = -y*o + 25 + 15. Calculate the remainder when o is divided by n.
2
Let b = -62 - -56. Let z(h) = h**2 + 4*h - 1. What is the remainder when 18 is divided by z(b)?
7
Suppose -4*u + 4*d + 44 = 0, -d + 3*d - 8 = -3*u. Suppose u*m + 93 = 9*m. What is the remainder when (-4150)/(-45) - (-4)/(-18) is divided by m?
30
Let y(h) = h**3 - 16*h**2 - 77*h - 5. Calculate the remainder when 382 is divided by y(20).
52
What is the remainder when 314 + (156/(-24) - 3/(-6)) is divided by 78?
74
Suppose -19 = 2*x + 325. Let l = 281 + x. Suppose 2*u - l = 67. What is the remainder when u is divided by 30?
28
Let u = 1249 - 1144. Calculate the remainder when u is divided by 61.
44
Suppose -16*m - 216 = -600. Let t(p) = p**2 - 7*p + 4. Let w be t(6). Calculate the remainder when m is divided by (13/(-1))/(1 + w).
11
Let h(m) = m**2 + 13*m - 70. Let i be h(-17). Calculate the remainder when 10 is divided by (i/(-6)*-1)/(6/(-72)).
2
Let r(p) = -2*p**2 + 30*p - 9. Calculate the remainder when 111 is divided by r(14).
16
Let l = -693 - -702. Calculate the remainder when 50 is divided by l.
5
Suppose 195 = 7*q - 2*q. Suppose 0 = v - 4, -3*c = 5*v - 221 - 141. Calculate the remainder when c is divided by q.
36
Let b(n) = -12*n + 168. What is the remainder when b(-7) is divided by 15?
12
Let f(q) = -q - 3. Let b be f(-3). Suppose -8 = -3*g + g. What is the remainder when (-1 + b)*(-8 - 2) is divided by g?
2
Let u = 4 + -2. Let p(w) = w**2 + 5*w + 1. Let l be p(-6). Suppose 0*g - l = -g. What is the remainder when g is divided by u?
1
Suppose 0*n + 9 = 4*n - x, -x + 5 = 3*n. Suppose -3*a + 171 = -y, -2*a + 171 = a - n*y. Calculate the remainder when 110 is divided by a/2 + (-3)/6.
26
Suppose -5*x = 2*x + 273. Let f = x + 64. What is the remainder when 2/7 + (-1032)/(-14) is divided by f?
24
Suppose -5*n + 32 = -103. Calculate the remainder when 264 is divided by n.
21
Suppose 0*b = b - 4*m - 25, 2*b = -3*m - 5. Suppose -3 - b = -v. Let s(w) = -2*w**3 + 18*w**2 + 2*w + 5. Calculate the remainder when s(9) is divided by v.
7
Let o(c) = -3*c - 5. Let w be o(-11). Suppose -3*u + u = -w. Calculate the remainder when u is divided by 3.
2
Suppose 55 = m - 16. Let c = 5 - -8. Suppose c*t = 18*t - 90. Calculate the remainder when m is divided by t.
17
Suppose 161*t + 16956 = 179*t. What is the remainder when t is divided by 308?
18
Suppose 0*w + 5*w - 68 = -2*k, -48 = -5*w + 3*k. Suppose 4*s + 0*s = 32. Calculate the remainder when w is divided by s.
4
Suppose 12*q = 9*q + 87. Calculate the remainder when 164 is divided by q.
19
Let h be (-15)/(-20) - 222/8. Let r = h - -50. Calculate the remainder when r is divided by 7.
2
Calculate the remainder when 1 - (16098/(-16) - (-2)/16) is divided by 72.
71
Suppose 2*u + 3*t - 8*t - 402 = 0, 2*t + 963 = 5*u. Calculate the remainder when u is d